{"id":65,"date":"2018-07-27T11:12:13","date_gmt":"2018-07-27T11:12:13","guid":{"rendered":"https:\/\/englischstammtisch-osterhofen.de\/?page_id=65"},"modified":"2018-09-13T10:07:03","modified_gmt":"2018-09-13T10:07:03","slug":"freunde","status":"publish","type":"page","link":"https:\/\/englischstammtisch-osterhofen.de\/?page_id=65","title":{"rendered":"Freunde"},"content":{"rendered":"<p><img loading=\"lazy\" class=\"wp-image-66 size-full alignleft\" src=\"https:\/\/englischstammtisch-osterhofen.de\/wp-content\/uploads\/2018\/07\/ballybaychurch_1_.jpg\" alt=\"\" width=\"168\" height=\"250\" \/><strong>Ballybay<\/strong> <strong>&#8211; die Partnerstadt Osterhofens<\/strong><br \/>\nIm Norden der \u201eGr\u00fcnen Insel\u201c, nahe der Grenze zu Nordirland, liegt im sog. \u201eLake Land\u201c, die Stadt Ballybay. Sie geh\u00f6rt zum County Monaghan und z\u00e4hlt rund 1.700 Einwohner.<\/p>\n<p>Durch die vielen, den Ort umgebenden kleinen Seen, stellt Ballybay ein wahres Anglerparadies dar. Aus zahlreichen privaten Besuchen entstand ein freundschaftliches Verh\u00e4ltnis zu vielen B\u00fcrgern von Ballybay, die zu der Vereinbarung einer offiziellen Partnerschaft mit Osterhofen im August 2000 f\u00fchrte.<\/p>\n<p>Viele dieser Besuche f\u00fchrten zu engen Freundschaften zwischen B\u00fcrgern aus beiden St\u00e4dten.<br \/>\nSo entstand auch der enge Kontakt zu Ballybays ehemaligen B\u00fcrgermeistern Philip Smith, Brid Rutledge und vielen anderen.<\/p>\n<p>Einer der H\u00f6hepunkte der regelm\u00e4\u00dfigen Begegnungen ist die Veranstaltung einer Irish-Night im Herbst jedes Jahres in Gergweis.<\/p>\n<p><img loading=\"lazy\" class=\"wp-image-164 alignleft\" src=\"https:\/\/englischstammtisch-osterhofen.de\/wp-content\/uploads\/2018\/09\/mcCC_008-300x217.jpg\" alt=\"\" width=\"251\" height=\"182\" srcset=\"https:\/\/englischstammtisch-osterhofen.de\/wp-content\/uploads\/2018\/09\/mcCC_008-300x217.jpg 300w, https:\/\/englischstammtisch-osterhofen.de\/wp-content\/uploads\/2018\/09\/mcCC_008-768x555.jpg 768w, https:\/\/englischstammtisch-osterhofen.de\/wp-content\/uploads\/2018\/09\/mcCC_008.jpg 800w\" sizes=\"(max-width: 251px) 100vw, 251px\" \/><strong>Mac C&amp;C<\/strong><br \/>\n2003 trafen zwei M\u00e4nner in den besten Jahren aufeinander! Carlos Steinbei\u00dfer und Christian Bruckmeier.\u00a0 Ihre Passion f\u00fcr die englische Sprache brachte sie\u00a0im Englischstammtisch Osterhofen zusammen! Auf den Reisen zu den Partnerst\u00e4dten Ballybay in Irland und Selkirk in Schottland wurden sie infiziert von der so einzigartigen keltischen Musik.<br \/>\nEgal ob Englische, Irische oder Schottische Lieder, am Stammtisch wird gesungen was das Zeug h\u00e4lt. Begleitet von Gitarre, Mundharmonika, Tin-Whistle und auch Dudelsack. MacC&amp;C war geboren! Mittlerweile, 15 Jahre sp\u00e4ter, f\u00fcllen die beiden auf Ihren\u00a0Auftritten mit der Gruppe <a href=\"https:\/\/www.maccandc.de\" target=\"_blank\" rel=\"noopener\">Mac C&amp;C Celtic Four<\/a> ganze Konzerts\u00e4le.<\/p>\n<p><img loading=\"lazy\" class=\"wp-image-162 alignleft\" src=\"https:\/\/englischstammtisch-osterhofen.de\/wp-content\/uploads\/2018\/09\/IMG_3059-300x225.jpg\" alt=\"\" width=\"252\" height=\"189\" srcset=\"https:\/\/englischstammtisch-osterhofen.de\/wp-content\/uploads\/2018\/09\/IMG_3059-300x225.jpg 300w, https:\/\/englischstammtisch-osterhofen.de\/wp-content\/uploads\/2018\/09\/IMG_3059-768x576.jpg 768w, https:\/\/englischstammtisch-osterhofen.de\/wp-content\/uploads\/2018\/09\/IMG_3059-1024x768.jpg 1024w\" sizes=\"(max-width: 252px) 100vw, 252px\" \/><strong>Donegal<\/strong><br \/>\nIn den folgenden Jahren entwickelten sich viele weitere Freundschaften nach Irland, Schottland und England.<br \/>\nSeit einem gemeinsamen musikalischen Event im Jahre 2006 besteht auch einen enge Beziehung zur Irish-Dance-Gruppe &#8222;Damshoiri Clann Lir&#8220; und zur\u00a0Irish-Folk-Band &#8222;Macalla&#8220; aus Gortahork Co.\u00a0Donegal.<\/p>\n<p>&nbsp;<\/p>\n<p><strong><img loading=\"lazy\" class=\" wp-image-177 alignleft\" src=\"https:\/\/englischstammtisch-osterhofen.de\/wp-content\/uploads\/2018\/09\/l012-300x165.jpg\" alt=\"\" width=\"251\" height=\"138\" srcset=\"https:\/\/englischstammtisch-osterhofen.de\/wp-content\/uploads\/2018\/09\/l012-300x165.jpg 300w, https:\/\/englischstammtisch-osterhofen.de\/wp-content\/uploads\/2018\/09\/l012-768x424.jpg 768w, https:\/\/englischstammtisch-osterhofen.de\/wp-content\/uploads\/2018\/09\/l012.jpg 776w\" sizes=\"(max-width: 251px) 100vw, 251px\" \/>Die East Bavarian Highlander<\/strong><br \/>\nAnfang 2014 gr\u00fcndeten ein paar Schottlandbegeisterte die Interessensgemeinschaft <i>East Bavarian Highlander<\/i>. Schnell wuchs die Anzahl interessierter Schottlandfans, die ihre Begeisterung f\u00fcr das Land, seine Geschichte und Kultur mit Gleichgesinnten teilen und austauschen. Vielseitige Aktivit\u00e4ten und spezielle Pr\u00e4sentationen f\u00fchrten zu st\u00e4ndigem Wachstum der Gruppe. Auf Grund dieser positiven Entwicklung wurde 2017 aus der Interessensgemeinschaft heraus der <i>Verein<\/i> <a href=\"http:\/\/www.east-bavarian-highlander.de\" target=\"_blank\" rel=\"noopener\"><b>East Bavarian Highlander e.V.<\/b><\/a> gegr\u00fcndet und die Gemeinn\u00fctzigkeit anerkannt. Unsere Mitglieder kommen nicht nur aus dem regionalen Umfeld, sondern auch aus vielen anderen Teilen Bayerns und Deutschlands, sowie aus den Niederlanden, Schottland und sogar aus den USA.<\/p>\n<p>&nbsp;<\/p>\n<p>&nbsp;<\/p>\n<p>&nbsp;<\/p>\n","protected":false},"excerpt":{"rendered":"<div class=\"slide-text-bg2\"><span>Ballybay &#8211; die Partnerstadt Osterhofens Im Norden der \u201eGr\u00fcnen Insel\u201c, nahe der Grenze zu Nordirland, liegt im sog. \u201eLake Land\u201c, die Stadt Ba<\/span><\/div>\n<div class=\"slide-btn-area-sm\"><a href=\"https:\/\/englischstammtisch-osterhofen.de\/?page_id=65\" class=\"slide-btn-sm\">weiterlesen<\/a><\/div>\n","protected":false},"author":1,"featured_media":0,"parent":0,"menu_order":0,"comment_status":"closed","ping_status":"closed","template":"","meta":[],"_links":{"self":[{"href":"https:\/\/englischstammtisch-osterhofen.de\/index.php?rest_route=\/wp\/v2\/pages\/65"}],"collection":[{"href":"https:\/\/englischstammtisch-osterhofen.de\/index.php?rest_route=\/wp\/v2\/pages"}],"about":[{"href":"https:\/\/englischstammtisch-osterhofen.de\/index.php?rest_route=\/wp\/v2\/types\/page"}],"author":[{"embeddable":true,"href":"https:\/\/englischstammtisch-osterhofen.de\/index.php?rest_route=\/wp\/v2\/users\/1"}],"replies":[{"embeddable":true,"href":"https:\/\/englischstammtisch-osterhofen.de\/index.php?rest_route=%2Fwp%2Fv2%2Fcomments&post=65"}],"version-history":[{"count":14,"href":"https:\/\/englischstammtisch-osterhofen.de\/index.php?rest_route=\/wp\/v2\/pages\/65\/revisions"}],"predecessor-version":[{"id":182,"href":"https:\/\/englischstammtisch-osterhofen.de\/index.php?rest_route=\/wp\/v2\/pages\/65\/revisions\/182"}],"wp:attachment":[{"href":"https:\/\/englischstammtisch-osterhofen.de\/index.php?rest_route=%2Fwp%2Fv2%2Fmedia&parent=65"}],"curies":[{"name":"wp","href":"https:\/\/api.w.org\/{rel}","templated":true}]}}